{"id":1880,"date":"2019-02-24T02:12:25","date_gmt":"2019-02-24T01:12:25","guid":{"rendered":"https:\/\/eb-elite.fr\/?page_id=1880"},"modified":"2019-07-18T12:51:00","modified_gmt":"2019-07-18T10:51:00","slug":"marketing","status":"publish","type":"page","link":"https:\/\/eb-elite.fr\/index.php\/marketing\/","title":{"rendered":"Conseils en strat\u00e9gie marketing"},"content":{"rendered":"\t\t<div data-elementor-type=\"wp-post\" data-elementor-id=\"1880\" class=\"elementor elementor-1880\" data-elementor-settings=\"[]\">\n\t\t\t\t\t\t<div class=\"elementor-inner\">\n\t\t\t\t\t\t\t<div class=\"elementor-section-wrap\">\n\t\t\t\t\t\t\t<section class=\"elementor-section elementor-top-section elementor-element elementor-element-64532bc elementor-section-boxed elementor-section-height-default elementor-section-height-default\" data-id=\"64532bc\" data-element_type=\"section\">\n\t\t\t\t\t\t<div class=\"elementor-container elementor-column-gap-default\">\n\t\t\t\t\t\t\t<div class=\"elementor-row\">\n\t\t\t\t\t<div class=\"elementor-column elementor-col-100 elementor-top-column elementor-element elementor-element-1a57305\" data-id=\"1a57305\" data-element_type=\"column\">\n\t\t\t<div class=\"elementor-column-wrap elementor-element-populated\">\n\t\t\t\t\t\t\t<div class=\"elementor-widget-wrap\">\n\t\t\t\t\t\t<div class=\"elementor-element elementor-element-4adb0e6 elementor-widget elementor-widget-heading\" data-id=\"4adb0e6\" data-element_type=\"widget\" data-widget_type=\"heading.default\">\n\t\t\t\t<div class=\"elementor-widget-container\">\n\t\t\t<h2 class=\"elementor-heading-title elementor-size-default\">Conseils strat\u00e9giques - Marketing digital <\/h2>\t\t<\/div>\n\t\t\t\t<\/div>\n\t\t\t\t\t\t<\/div>\n\t\t\t\t\t<\/div>\n\t\t<\/div>\n\t\t\t\t\t\t\t\t<\/div>\n\t\t\t\t\t<\/div>\n\t\t<\/section>\n\t\t\t\t<section class=\"elementor-section elementor-top-section elementor-element elementor-element-f192bf4 elementor-section-boxed elementor-section-height-default elementor-section-height-default\" data-id=\"f192bf4\" data-element_type=\"section\">\n\t\t\t\t\t\t<div class=\"elementor-container elementor-column-gap-default\">\n\t\t\t\t\t\t\t<div class=\"elementor-row\">\n\t\t\t\t\t<div class=\"elementor-column elementor-col-50 elementor-top-column elementor-element elementor-element-d8096fe\" data-id=\"d8096fe\" data-element_type=\"column\">\n\t\t\t<div class=\"elementor-column-wrap elementor-element-populated\">\n\t\t\t\t\t\t\t<div class=\"elementor-widget-wrap\">\n\t\t\t\t\t\t<div class=\"elementor-element elementor-element-2369b2b elementor-widget elementor-widget-text-editor\" data-id=\"2369b2b\" data-element_type=\"widget\" data-widget_type=\"text-editor.default\">\n\t\t\t\t<div class=\"elementor-widget-container\">\n\t\t\t\t\t<div class=\"elementor-text-editor elementor-clearfix\"><p><br><\/p><p>Le marketing est un terme large qui englobe de nombreuses activit\u00e9s, notamment la publicit\u00e9, les promotions et les relations publiques. Le succ\u00e8s d\u2019une petite entreprise d\u00e9pend de la capacit\u00e9 de son propri\u00e9taire \u00e0 commercialiser efficacement ses produits et ses services.<\/p><p><br>Vous avez peut-\u00eatre un excellent produit et un excellent service client, mais si les gens ne savent pas que votre entreprise existe, vous ne r\u00e9aliserez aucune vente. Vos efforts de marketing sont importants pour maintenir votre petite entreprise \u00e0 flot. Il transmet le message aux clients potentiels et les incite \u00e0 essayer votre entreprise.<\/p><\/div>\n\t\t\t\t<\/div>\n\t\t\t\t<\/div>\n\t\t\t\t\t\t<\/div>\n\t\t\t\t\t<\/div>\n\t\t<\/div>\n\t\t\t\t<div class=\"elementor-column elementor-col-50 elementor-top-column elementor-element elementor-element-8a93043\" data-id=\"8a93043\" data-element_type=\"column\">\n\t\t\t<div class=\"elementor-column-wrap elementor-element-populated\">\n\t\t\t\t\t\t\t<div class=\"elementor-widget-wrap\">\n\t\t\t\t\t\t<div class=\"elementor-element elementor-element-fa9079f elementor-widget elementor-widget-image\" data-id=\"fa9079f\" data-element_type=\"widget\" data-widget_type=\"image.default\">\n\t\t\t\t<div class=\"elementor-widget-container\">\n\t\t\t\t\t<div class=\"elementor-image\">\n\t\t\t\t\t\t\t\t\t\t<img width=\"1024\" height=\"668\" src=\"https:\/\/eb-elite.fr\/wp-content\/uploads\/2019\/07\/13733-1024x668.jpg\" class=\"attachment-large size-large\" alt=\"\" loading=\"lazy\" srcset=\"https:\/\/eb-elite.fr\/wp-content\/uploads\/2019\/07\/13733-1024x668.jpg 1024w, https:\/\/eb-elite.fr\/wp-content\/uploads\/2019\/07\/13733-300x196.jpg 300w, https:\/\/eb-elite.fr\/wp-content\/uploads\/2019\/07\/13733-768x501.jpg 768w\" sizes=\"(max-width: 1024px) 100vw, 1024px\" \/>\t\t\t\t\t\t\t\t\t\t\t<\/div>\n\t\t\t\t<\/div>\n\t\t\t\t<\/div>\n\t\t\t\t\t\t<\/div>\n\t\t\t\t\t<\/div>\n\t\t<\/div>\n\t\t\t\t\t\t\t\t<\/div>\n\t\t\t\t\t<\/div>\n\t\t<\/section>\n\t\t\t\t<section class=\"elementor-section elementor-top-section elementor-element elementor-element-68d98b8 elementor-section-boxed elementor-section-height-default elementor-section-height-default\" data-id=\"68d98b8\" data-element_type=\"section\">\n\t\t\t\t\t\t<div class=\"elementor-container elementor-column-gap-default\">\n\t\t\t\t\t\t\t<div class=\"elementor-row\">\n\t\t\t\t\t<div class=\"elementor-column elementor-col-100 elementor-top-column elementor-element elementor-element-d0cf3ef\" data-id=\"d0cf3ef\" data-element_type=\"column\">\n\t\t\t<div class=\"elementor-column-wrap elementor-element-populated\">\n\t\t\t\t\t\t\t<div class=\"elementor-widget-wrap\">\n\t\t\t\t\t\t<div class=\"elementor-element elementor-element-b542ba1 elementor-widget elementor-widget-image\" data-id=\"b542ba1\" data-element_type=\"widget\" data-widget_type=\"image.default\">\n\t\t\t\t<div class=\"elementor-widget-container\">\n\t\t\t\t\t<div class=\"elementor-image\">\n\t\t\t\t\t\t\t\t\t\t<img src=\"https:\/\/eb-elite.fr\/wp-content\/uploads\/2019\/07\/marketing1.jpg\" title=\"welive-branding-digital-marketing-background-image-1 &#8211; welive br\" alt=\"welive-branding-digital-marketing-background-image-1 - welive branding on Marketing Background - Broxtern Wallpaper and Pictures Collection\" \/>\t\t\t\t\t\t\t\t\t\t\t<\/div>\n\t\t\t\t<\/div>\n\t\t\t\t<\/div>\n\t\t\t\t\t\t<\/div>\n\t\t\t\t\t<\/div>\n\t\t<\/div>\n\t\t\t\t\t\t\t\t<\/div>\n\t\t\t\t\t<\/div>\n\t\t<\/section>\n\t\t\t\t<section class=\"elementor-section elementor-top-section elementor-element elementor-element-38d34c0 elementor-section-boxed elementor-section-height-default elementor-section-height-default\" data-id=\"38d34c0\" data-element_type=\"section\">\n\t\t\t\t\t\t<div class=\"elementor-container elementor-column-gap-default\">\n\t\t\t\t\t\t\t<div class=\"elementor-row\">\n\t\t\t\t\t<div class=\"elementor-column elementor-col-50 elementor-top-column elementor-element elementor-element-0380fdb\" data-id=\"0380fdb\" data-element_type=\"column\">\n\t\t\t<div class=\"elementor-column-wrap elementor-element-populated\">\n\t\t\t\t\t\t\t<div class=\"elementor-widget-wrap\">\n\t\t\t\t\t\t<div class=\"elementor-element elementor-element-4926f09 elementor-widget elementor-widget-text-editor\" data-id=\"4926f09\" data-element_type=\"widget\" data-widget_type=\"text-editor.default\">\n\t\t\t\t<div class=\"elementor-widget-container\">\n\t\t\t\t\t<div class=\"elementor-text-editor elementor-clearfix\"><p>\u00a0<\/p><p>Voici comment le marketing peut aider votre entreprise \u00e0 prosp\u00e9rer:<\/p><h3><span style=\"color: #b8a668;\"><strong>Le marketing aide \u00e0 renforcer le prestige de l\u2019entreprise<\/strong><\/span><\/h3><p>La reconnaissance du nom de marque est am\u00e9lior\u00e9e apr\u00e8s les efforts de marketing r\u00e9ussis.<\/p><p><br \/>Le public peut facilement rappeler vos produits ou services et d\u00e9velopper des attentes de haute qualit\u00e9 et un excellent service client de votre entreprise. Tant que vous r\u00e9ussirez \u00e0 r\u00e9pondre \u00e0 ces attentes, vous aurez une entreprise prosp\u00e8re. Communiquez r\u00e9guli\u00e8rement avec vos clients et \u00e9coutez-les afin de garantir l\u2019efficacit\u00e9 de vos efforts en mati\u00e8re de<br \/>strat\u00e9gie de marque.<\/p><\/div>\n\t\t\t\t<\/div>\n\t\t\t\t<\/div>\n\t\t\t\t\t\t<\/div>\n\t\t\t\t\t<\/div>\n\t\t<\/div>\n\t\t\t\t<div class=\"elementor-column elementor-col-50 elementor-top-column elementor-element elementor-element-39cf831\" data-id=\"39cf831\" data-element_type=\"column\">\n\t\t\t<div class=\"elementor-column-wrap elementor-element-populated\">\n\t\t\t\t\t\t\t<div class=\"elementor-widget-wrap\">\n\t\t\t\t\t\t<div class=\"elementor-element elementor-element-bbc1421 elementor-widget elementor-widget-image\" data-id=\"bbc1421\" data-element_type=\"widget\" data-widget_type=\"image.default\">\n\t\t\t\t<div class=\"elementor-widget-container\">\n\t\t\t\t\t<div class=\"elementor-image\">\n\t\t\t\t\t\t\t\t\t\t<img width=\"1024\" height=\"768\" src=\"https:\/\/eb-elite.fr\/wp-content\/uploads\/2019\/07\/architectural-design-architecture-building-443383-1024x768.jpg\" class=\"attachment-large size-large\" alt=\"\" loading=\"lazy\" srcset=\"https:\/\/eb-elite.fr\/wp-content\/uploads\/2019\/07\/architectural-design-architecture-building-443383-1024x768.jpg 1024w, https:\/\/eb-elite.fr\/wp-content\/uploads\/2019\/07\/architectural-design-architecture-building-443383-300x225.jpg 300w, https:\/\/eb-elite.fr\/wp-content\/uploads\/2019\/07\/architectural-design-architecture-building-443383-768x576.jpg 768w, https:\/\/eb-elite.fr\/wp-content\/uploads\/2019\/07\/architectural-design-architecture-building-443383-925x695.jpg 925w, https:\/\/eb-elite.fr\/wp-content\/uploads\/2019\/07\/architectural-design-architecture-building-443383-100x75.jpg 100w\" sizes=\"(max-width: 1024px) 100vw, 1024px\" \/>\t\t\t\t\t\t\t\t\t\t\t<\/div>\n\t\t\t\t<\/div>\n\t\t\t\t<\/div>\n\t\t\t\t\t\t<\/div>\n\t\t\t\t\t<\/div>\n\t\t<\/div>\n\t\t\t\t\t\t\t\t<\/div>\n\t\t\t\t\t<\/div>\n\t\t<\/section>\n\t\t\t\t<section class=\"elementor-section elementor-top-section elementor-element elementor-element-41b2e8d elementor-section-boxed elementor-section-height-default elementor-section-height-default\" data-id=\"41b2e8d\" data-element_type=\"section\">\n\t\t\t\t\t\t<div class=\"elementor-container elementor-column-gap-default\">\n\t\t\t\t\t\t\t<div class=\"elementor-row\">\n\t\t\t\t\t<div class=\"elementor-column elementor-col-50 elementor-top-column elementor-element elementor-element-19b03d9\" data-id=\"19b03d9\" data-element_type=\"column\">\n\t\t\t<div class=\"elementor-column-wrap elementor-element-populated\">\n\t\t\t\t\t\t\t<div class=\"elementor-widget-wrap\">\n\t\t\t\t\t\t<div class=\"elementor-element elementor-element-6df1bc9 elementor-widget elementor-widget-image\" data-id=\"6df1bc9\" data-element_type=\"widget\" data-widget_type=\"image.default\">\n\t\t\t\t<div class=\"elementor-widget-container\">\n\t\t\t\t\t<div class=\"elementor-image\">\n\t\t\t\t\t\t\t\t\t\t<img width=\"1024\" height=\"683\" src=\"https:\/\/eb-elite.fr\/wp-content\/uploads\/2019\/07\/close-up-geography-globe-893126-1024x683.jpg\" class=\"attachment-large size-large\" alt=\"\" loading=\"lazy\" srcset=\"https:\/\/eb-elite.fr\/wp-content\/uploads\/2019\/07\/close-up-geography-globe-893126-1024x683.jpg 1024w, https:\/\/eb-elite.fr\/wp-content\/uploads\/2019\/07\/close-up-geography-globe-893126-300x200.jpg 300w, https:\/\/eb-elite.fr\/wp-content\/uploads\/2019\/07\/close-up-geography-globe-893126-768x512.jpg 768w, https:\/\/eb-elite.fr\/wp-content\/uploads\/2019\/07\/close-up-geography-globe-893126-720x480.jpg 720w\" sizes=\"(max-width: 1024px) 100vw, 1024px\" \/>\t\t\t\t\t\t\t\t\t\t\t<\/div>\n\t\t\t\t<\/div>\n\t\t\t\t<\/div>\n\t\t\t\t\t\t<\/div>\n\t\t\t\t\t<\/div>\n\t\t<\/div>\n\t\t\t\t<div class=\"elementor-column elementor-col-50 elementor-top-column elementor-element elementor-element-92baa0c\" data-id=\"92baa0c\" data-element_type=\"column\">\n\t\t\t<div class=\"elementor-column-wrap elementor-element-populated\">\n\t\t\t\t\t\t\t<div class=\"elementor-widget-wrap\">\n\t\t\t\t\t\t<div class=\"elementor-element elementor-element-21373cf elementor-widget elementor-widget-text-editor\" data-id=\"21373cf\" data-element_type=\"widget\" data-widget_type=\"text-editor.default\">\n\t\t\t\t<div class=\"elementor-widget-container\">\n\t\t\t\t\t<div class=\"elementor-text-editor elementor-clearfix\"><h3><span style=\"color: #b8a668;\">Cela permet au monde de conna\u00eetre vos produits ou services\u00a0<\/span><\/h3><div><span style=\"color: #b8a668;\">\u00a0<\/span><\/div><p>Rien n\u2019est plus important pour le succ\u00e8s de votre entreprise que de passer le mot. Des efforts de marketing sp\u00e9cialis\u00e9s peuvent aider \u00e0 sensibiliser les clients potentiels. Vous \u00eates peut-\u00eatre d\u00e9j\u00e0 reconnu dans votre communaut\u00e9. Dans ce cas, vous pouvez utiliser le marketing comme moyen de communication avec votre communaut\u00e9 pour lui donner une compr\u00e9hension approfondie du fonctionnement de votre entreprise, tout en favorisant la fid\u00e9lit\u00e9 \u00e0 la marque de votre client\u00e8le existante.<\/p><\/div>\n\t\t\t\t<\/div>\n\t\t\t\t<\/div>\n\t\t\t\t\t\t<\/div>\n\t\t\t\t\t<\/div>\n\t\t<\/div>\n\t\t\t\t\t\t\t\t<\/div>\n\t\t\t\t\t<\/div>\n\t\t<\/section>\n\t\t\t\t<section class=\"elementor-section elementor-top-section elementor-element elementor-element-e9ea23e elementor-section-boxed elementor-section-height-default elementor-section-height-default\" data-id=\"e9ea23e\" data-element_type=\"section\">\n\t\t\t\t\t\t<div class=\"elementor-container elementor-column-gap-default\">\n\t\t\t\t\t\t\t<div class=\"elementor-row\">\n\t\t\t\t\t<div class=\"elementor-column elementor-col-50 elementor-top-column elementor-element elementor-element-b26330f\" data-id=\"b26330f\" data-element_type=\"column\">\n\t\t\t<div class=\"elementor-column-wrap elementor-element-populated\">\n\t\t\t\t\t\t\t<div class=\"elementor-widget-wrap\">\n\t\t\t\t\t\t<div class=\"elementor-element elementor-element-4d49ba2 elementor-widget elementor-widget-text-editor\" data-id=\"4d49ba2\" data-element_type=\"widget\" data-widget_type=\"text-editor.default\">\n\t\t\t\t<div class=\"elementor-widget-container\">\n\t\t\t\t\t<div class=\"elementor-text-editor elementor-clearfix\"><h3><span style=\"color: #b8a668;\">Cela vous permet de rivaliser avec des concurrents plus importants<\/span><\/h3><div>\u00a0<\/div><p>De bons efforts de marketing permettent aux petites entreprises de concurrencer les grandes entreprises bien connues et de concurrencer leurs parts de march\u00e9. Les petites entreprises ont souvent un avantage sur les grandes entreprises en raison de la plus grande attention<br \/>personnelle qu\u2019elles peuvent apporter \u00e0 chaque client.\u00a0<\/p><p>Souvent, un bon service client et un r\u00e9el sens de la valeur sont plus importants pour les clients que les tarifs plus bas qu\u2019ils peuvent payer pour les services ou produits de grandes entreprises.<\/p><\/div>\n\t\t\t\t<\/div>\n\t\t\t\t<\/div>\n\t\t\t\t\t\t<\/div>\n\t\t\t\t\t<\/div>\n\t\t<\/div>\n\t\t\t\t<div class=\"elementor-column elementor-col-50 elementor-top-column elementor-element elementor-element-b49f5e9\" data-id=\"b49f5e9\" data-element_type=\"column\">\n\t\t\t<div class=\"elementor-column-wrap elementor-element-populated\">\n\t\t\t\t\t\t\t<div class=\"elementor-widget-wrap\">\n\t\t\t\t\t\t<div class=\"elementor-element elementor-element-c89d3bf elementor-widget elementor-widget-image\" data-id=\"c89d3bf\" data-element_type=\"widget\" data-widget_type=\"image.default\">\n\t\t\t\t<div class=\"elementor-widget-container\">\n\t\t\t\t\t<div class=\"elementor-image\">\n\t\t\t\t\t\t\t\t\t\t<img width=\"1024\" height=\"683\" src=\"https:\/\/eb-elite.fr\/wp-content\/uploads\/2019\/07\/194817-OY2P5J-22-1024x683.jpg\" class=\"attachment-large size-large\" alt=\"\" loading=\"lazy\" srcset=\"https:\/\/eb-elite.fr\/wp-content\/uploads\/2019\/07\/194817-OY2P5J-22-1024x683.jpg 1024w, https:\/\/eb-elite.fr\/wp-content\/uploads\/2019\/07\/194817-OY2P5J-22-300x200.jpg 300w, https:\/\/eb-elite.fr\/wp-content\/uploads\/2019\/07\/194817-OY2P5J-22-768x512.jpg 768w, https:\/\/eb-elite.fr\/wp-content\/uploads\/2019\/07\/194817-OY2P5J-22-720x480.jpg 720w\" sizes=\"(max-width: 1024px) 100vw, 1024px\" \/>\t\t\t\t\t\t\t\t\t\t\t<\/div>\n\t\t\t\t<\/div>\n\t\t\t\t<\/div>\n\t\t\t\t\t\t<\/div>\n\t\t\t\t\t<\/div>\n\t\t<\/div>\n\t\t\t\t\t\t\t\t<\/div>\n\t\t\t\t\t<\/div>\n\t\t<\/section>\n\t\t\t\t<section class=\"elementor-section elementor-top-section elementor-element elementor-element-83a9fde elementor-section-stretched elementor-section-boxed elementor-section-height-default elementor-section-height-default\" data-id=\"83a9fde\" data-element_type=\"section\" data-settings=\"{&quot;stretch_section&quot;:&quot;section-stretched&quot;}\">\n\t\t\t\t\t\t<div class=\"elementor-container elementor-column-gap-default\">\n\t\t\t\t\t\t\t<div class=\"elementor-row\">\n\t\t\t\t\t<div class=\"elementor-column elementor-col-100 elementor-top-column elementor-element elementor-element-6f8eb76\" data-id=\"6f8eb76\" data-element_type=\"column\">\n\t\t\t<div class=\"elementor-column-wrap elementor-element-populated\">\n\t\t\t\t\t\t\t<div class=\"elementor-widget-wrap\">\n\t\t\t\t\t\t<div class=\"elementor-element elementor-element-2167cb9 elementor-widget elementor-widget-elementor-subscribe\" data-id=\"2167cb9\" data-element_type=\"widget\" data-widget_type=\"elementor-subscribe.default\">\n\t\t\t\t<div class=\"elementor-widget-container\">\n\t\t\t<style>\r\n\t\t\t.subscribe-module{\r\n\t\tbackground-image: url(https:\/\/eb-elite.fr\/wp-content\/uploads\/2019\/07\/letterr.jpg);\r\n\t\t}\r\n\t\t\t.subscribe-module{\r\n\t\t    background-color: #181a1c;\r\n\t\t}\r\n\t\t\t.subscribe-module {\r\n\t\t    color: #ffffff;\r\n\t\t}\r\n\t\t\t.subscribe-module .input-group-btn{\r\n\t\t    background-color: #b9a969;\r\n\t\t}\r\n\t\t\t.subscribe-module{\r\n\t\t    background-repeat: No Repeat;\r\n\t\t}\r\n\t\t\t.subscribe-module{\r\n\t\t    background-position: center bottom;\r\n\t\t}\r\n\t\t\t.subscribe-module{\r\n\t\t    background-size: auto;\r\n\t\t}\r\n\t\t\t.subscribe-module {\r\n\t\t    background-attachment: fixed;\r\n\t\t}\r\n\t<\/style>\r\n\r\n<section id=\"subscribe-module\" class=\"module subscribe-module img-background parallax clearfix\" data-stellar-background-ratio=\"0.5\">\r\n\t<div class=\"container\">\r\n\t\t<div class=\"row\">\r\n\t\t\t<div class=\"col-md-7\">\r\n\t\t\t\t<h2 class=\"wow fadeInLeft\" data-wow-delay=\".3s\">Inscrivez vous \u00e0 notre <span> newsletter<\/h2>\r\n\t\t\t\t<p class=\"wow fadeInUp\" data-wow-delay=\".3s\">Abonnez-vous pour recevoir en exclusivit\u00e9 les derni\u00e8res news :<\/p>\t\t\t<\/div><!-- .col-md-7 -->\r\n\r\n\t\t\t\t\t\t\t\r\n\t\t\t\t<div class=\"col-md-5\">\r\n\t\t\t\t\t\r\n\t\t\t\t\t<form id=\"subscribe-form\" class=\"subscribe-form input-group\">\r\n\t\t\t\t\t\t<input type=\"email\" id=\"subscribe-email\" name=\"email\" placeholder=\"Enter your email address...\" class=\"required email form-control\" data-msg-required=\"Please fill out this field.\" data-msg-email=\"Please enter a valid email address.\" \/>\r\n\r\n\t\t\t\t\t\t<span class=\"input-group-btn\">\r\n\t\t\t\t\t\t\t<button class=\"btn subscribe-btn\" type=\"submit\" id=\"subscribe-form-submit\" name=\"submit\" value=\"submit\"><span>Notifiez-moi<\/span><\/button>\r\n\t\t\t\t\t\t<\/span>\r\n\r\n\t\t\t\t\t\t<div id=\"subscribe-form-result\"><\/div>\r\n\r\n\t\t\t\t\t\t<input type=\"hidden\" name=\"page_id\" value=\"1880\">\r\n\t\t\t\t\t\t<input type=\"hidden\" name=\"action\" value=\"subscribe_form\">\r\n\r\n\t\t\t\t\t\t<input type=\"hidden\" id=\"ajax_subscribe_form_nonce\" name=\"ajax_subscribe_form_nonce\" value=\"b86806fbaf\" \/><input type=\"hidden\" name=\"_wp_http_referer\" value=\"\/index.php\/wp-json\/wp\/v2\/pages\/1880\" \/>\t\t\t\t\t<\/form>\r\n\t\t\t\t<\/div><!-- .col-md-5-->\r\n\t\t\t\t\t<\/div><!-- .row -->\r\n\t<\/div><!-- .container -->\r\n<\/section><!-- #subscribe -->\r\n\t\t<\/div>\n\t\t\t\t<\/div>\n\t\t\t\t\t\t<\/div>\n\t\t\t\t\t<\/div>\n\t\t<\/div>\n\t\t\t\t\t\t\t\t<\/div>\n\t\t\t\t\t<\/div>\n\t\t<\/section>\n\t\t\t\t\t\t<\/div>\n\t\t\t\t\t\t<\/div>\n\t\t\t\t\t<\/div>\n\t\t","protected":false},"excerpt":{"rendered":"<p>Conseils strat\u00e9giques &#8211; Marketing digital Le marketing est un terme large qui englobe de nombreuses activit\u00e9s, notamment la publicit\u00e9, les promotions et les relations publiques. Le succ\u00e8s d\u2019une petite entreprise d\u00e9pend de la capacit\u00e9 de son propri\u00e9taire \u00e0 commercialiser efficacement ses produits et ses services. Vous avez peut-\u00eatre un excellent produit et un excellent service client, mais si les gens &hellip;<\/p>\n","protected":false},"author":1,"featured_media":0,"parent":0,"menu_order":0,"comment_status":"closed","ping_status":"closed","template":"","meta":[],"yoast_head":"<!-- This site is optimized with the Yoast SEO plugin v15.0 - https:\/\/yoast.com\/wordpress\/plugins\/seo\/ -->\n<title>Conseils en strat\u00e9gie marketing - Eb Elite<\/title>\n<meta name=\"robots\" content=\"index, follow, max-snippet:-1, max-image-preview:large, max-video-preview:-1\" \/>\n<link rel=\"canonical\" href=\"https:\/\/eb-elite.fr\/index.php\/marketing\/\" \/>\n<meta property=\"og:locale\" content=\"fr_FR\" \/>\n<meta property=\"og:type\" content=\"article\" \/>\n<meta property=\"og:title\" content=\"Conseils en strat\u00e9gie marketing - Eb Elite\" \/>\n<meta property=\"og:description\" content=\"Conseils strat\u00e9giques &#8211; Marketing digital Le marketing est un terme large qui englobe de nombreuses activit\u00e9s, notamment la publicit\u00e9, les promotions et les relations publiques. Le succ\u00e8s d\u2019une petite entreprise d\u00e9pend de la capacit\u00e9 de son propri\u00e9taire \u00e0 commercialiser efficacement ses produits et ses services. Vous avez peut-\u00eatre un excellent produit et un excellent service client, mais si les gens &hellip;\" \/>\n<meta property=\"og:url\" content=\"https:\/\/eb-elite.fr\/index.php\/marketing\/\" \/>\n<meta property=\"og:site_name\" content=\"Eb Elite\" \/>\n<meta property=\"article:publisher\" content=\"https:\/\/www.facebook.com\/ebagency\" \/>\n<meta property=\"article:modified_time\" content=\"2019-07-18T10:51:00+00:00\" \/>\n<meta property=\"og:image\" content=\"https:\/\/eb-elite.fr\/wp-content\/uploads\/2019\/07\/13733-1024x668.jpg\" \/>\n<meta name=\"twitter:card\" content=\"summary_large_image\" \/>\n<meta name=\"twitter:creator\" content=\"@eb_elite\" \/>\n<meta name=\"twitter:site\" content=\"@eb_elite\" \/>\n<script type=\"application\/ld+json\" class=\"yoast-schema-graph\">{\"@context\":\"https:\/\/schema.org\",\"@graph\":[{\"@type\":\"Organization\",\"@id\":\"https:\/\/eb-elite.fr\/#organization\",\"name\":\"EB Elite\",\"url\":\"https:\/\/eb-elite.fr\/\",\"sameAs\":[\"https:\/\/www.facebook.com\/ebagency\",\"https:\/\/www.instagram.com\/eb.communication\/?hl=fr\",\"https:\/\/www.linkedin.com\/company\/14776230\",\"https:\/\/twitter.com\/eb_elite\"],\"logo\":{\"@type\":\"ImageObject\",\"@id\":\"https:\/\/eb-elite.fr\/#logo\",\"inLanguage\":\"fr-FR\",\"url\":\"https:\/\/eb-elite.fr\/wp-content\/uploads\/2018\/12\/logo_horizental-2.png\",\"width\":310,\"height\":417,\"caption\":\"EB Elite\"},\"image\":{\"@id\":\"https:\/\/eb-elite.fr\/#logo\"}},{\"@type\":\"WebSite\",\"@id\":\"https:\/\/eb-elite.fr\/#website\",\"url\":\"https:\/\/eb-elite.fr\/\",\"name\":\"EB ELITE\",\"description\":\"Marketing &amp; communication\",\"publisher\":{\"@id\":\"https:\/\/eb-elite.fr\/#organization\"},\"potentialAction\":[{\"@type\":\"SearchAction\",\"target\":\"https:\/\/eb-elite.fr\/?s={search_term_string}\",\"query-input\":\"required name=search_term_string\"}],\"inLanguage\":\"fr-FR\"},{\"@type\":\"ImageObject\",\"@id\":\"https:\/\/eb-elite.fr\/index.php\/marketing\/#primaryimage\",\"inLanguage\":\"fr-FR\",\"url\":\"https:\/\/eb-elite.fr\/wp-content\/uploads\/2019\/07\/13733.jpg\",\"width\":4392,\"height\":2863,\"caption\":\"Marketing Advertising Commercial Strategy Concept\"},{\"@type\":\"WebPage\",\"@id\":\"https:\/\/eb-elite.fr\/index.php\/marketing\/#webpage\",\"url\":\"https:\/\/eb-elite.fr\/index.php\/marketing\/\",\"name\":\"Conseils en strat\\u00e9gie marketing - Eb Elite\",\"isPartOf\":{\"@id\":\"https:\/\/eb-elite.fr\/#website\"},\"primaryImageOfPage\":{\"@id\":\"https:\/\/eb-elite.fr\/index.php\/marketing\/#primaryimage\"},\"datePublished\":\"2019-02-24T01:12:25+00:00\",\"dateModified\":\"2019-07-18T10:51:00+00:00\",\"inLanguage\":\"fr-FR\",\"potentialAction\":[{\"@type\":\"ReadAction\",\"target\":[\"https:\/\/eb-elite.fr\/index.php\/marketing\/\"]}]}]}<\/script>\n<!-- \/ Yoast SEO plugin. -->","_links":{"self":[{"href":"https:\/\/eb-elite.fr\/index.php\/wp-json\/wp\/v2\/pages\/1880"}],"collection":[{"href":"https:\/\/eb-elite.fr\/index.php\/wp-json\/wp\/v2\/pages"}],"about":[{"href":"https:\/\/eb-elite.fr\/index.php\/wp-json\/wp\/v2\/types\/page"}],"author":[{"embeddable":true,"href":"https:\/\/eb-elite.fr\/index.php\/wp-json\/wp\/v2\/users\/1"}],"replies":[{"embeddable":true,"href":"https:\/\/eb-elite.fr\/index.php\/wp-json\/wp\/v2\/comments?post=1880"}],"version-history":[{"count":17,"href":"https:\/\/eb-elite.fr\/index.php\/wp-json\/wp\/v2\/pages\/1880\/revisions"}],"predecessor-version":[{"id":2534,"href":"https:\/\/eb-elite.fr\/index.php\/wp-json\/wp\/v2\/pages\/1880\/revisions\/2534"}],"wp:attachment":[{"href":"https:\/\/eb-elite.fr\/index.php\/wp-json\/wp\/v2\/media?parent=1880"}],"curies":[{"name":"wp","href":"https:\/\/api.w.org\/{rel}","templated":true}]}}